{"id":3665,"date":"2023-12-04T13:09:52","date_gmt":"2023-12-04T12:09:52","guid":{"rendered":"http:\/\/fematel.com\/web\/?page_id=3665"},"modified":"2026-04-22T15:41:04","modified_gmt":"2026-04-22T13:41:04","slug":"empresa","status":"publish","type":"page","link":"https:\/\/fematel.com\/web\/empresa\/","title":{"rendered":"Empresa"},"content":{"rendered":"<div class=\"wpb-content-wrapper\"><p>[vc_row][vc_column]\r\n            \r\n            <div class=\"sh-empty-space vc_empty_space sh-empty-space-ltSE0VXK9Q  \" style=\"height: 82px\">\r\n                <span class=\"vc_empty_space_inner\"><\/span>\r\n            <\/div>\r\n\r\n        [\/vc_column][\/vc_row][vc_row][vc_column width=\u00bb1\/2&#8243;][vc_empty_space height=\u00bb30px\u00bb][vc_column_text]<\/p>\n<h2>Sobre Fematel, S.L.<\/h2>\n<p>Fematel, S.L. es una empresa familiar de capital totalmente gallego constituida como sociedad limitada en el a\u00f1o 1994 y domiciliada en el ayuntamiento de O Rosal en el sur de Pontevedra.<\/p>\n<p>Fematel, S.L. se dedicada a la inyecci\u00f3n de pl\u00e1sticos para la fabricaci\u00f3n de material el\u00e9ctrico. Entre nuestros productos destacan las cajas para mecanismos y de empalmes, adem\u00e1s de las cajas estancas, cajas para pladur, cajas de agua, cajas de superficie, cajas de stock apilables y llanas pl\u00e1sticas.<\/p>\n<p>La trayectoria de nuestra empresa se ha visto impulsada por la mejora continua de todos nuestros productos que permiten ofrecer al cliente un nivel \u00f3ptimo de calidad y servicio.<\/p>\n<p>Fematel, S.L. ha alcanzado su madurez y asentamiento comercial en todo el territorio espa\u00f1ol con perseverancia y trabajo constante, ofreciendo siempre un trato personalizado. Nuestro objetivo primordial es la satisfacci\u00f3n del cliente.<\/p>\n<p>Nos avalan la confianza y fidelidad de nuestros clientes a los que nos une un compromiso de servicio y calidad teniendo en cuenta sus necesidades as\u00ed como las del consumidor final.<\/p>\n<p>El \u00e9xito est\u00e1 en la satisfacci\u00f3n de nuestros clientes.[\/vc_column_text]\r\n<div id=\"button-CvsSi3UeqZ\" class=\"sh-button-container  sh-button-style-1\">\r\n\t<div class=\"sh-element-margin\">\r\n\t\t<a href=\"https:\/\/fematel.com\/web\/wp-content\/uploads\/CATALOGO-FEMATEL-2022.pdf\" target=\"_blank\" class=\"sh-button sh-button-medium sh-button-icon-left\">\r\n\r\n\t\t\t\t\t\t\t<span class=\"sh-button-icon\">\r\n\t\t\t\t\t<i class=\"fa fa-file-pdf-o\"><\/i>\r\n\t\t\t\t<\/span>\r\n\t\t\t\r\n\t\t\t\t\t\t\t<span class=\"sh-button-text\">\r\n\t\t\t\t\tDescargar Cat\u00e1logo 2022\t\t\t\t<\/span>\r\n\t\t\t\r\n\t\t\t\r\n\t\t<\/a>\r\n\t\t\t<\/div>\r\n<\/div>\r\n            <style type=\"text\/css\">\r\n                #button-CvsSi3UeqZ .sh-button {background-color: #0f2587;color: #ffffff;}#button-CvsSi3UeqZ {text-align: center;}#button-CvsSi3UeqZ:not(.sh-button-style-2) .sh-button:hover {}#button-CvsSi3UeqZ.sh-button-style-2 .sh-button:after {}#button-CvsSi3UeqZ.sh-button-style-2 .sh-button:hover {}@media (max-width: 800px) {#button-CvsSi3UeqZ {text-align: center;}}            <\/style>\r\n        [vc_empty_space height=\u00bb30px\u00bb]\r\n<div id=\"button-V30LeQyixv\" class=\"sh-button-container  sh-button-style-1\">\r\n\t<div class=\"sh-element-margin\">\r\n\t\t<a href=\"https:\/\/fematel.com\/web\/wp-content\/uploads\/TARIFA-2022.pdf\" target=\"_blank\" class=\"sh-button sh-button-medium sh-button-icon-left\">\r\n\r\n\t\t\t\t\t\t\t<span class=\"sh-button-icon\">\r\n\t\t\t\t\t<i class=\"fa fa-file-pdf-o\"><\/i>\r\n\t\t\t\t<\/span>\r\n\t\t\t\r\n\t\t\t\t\t\t\t<span class=\"sh-button-text\">\r\n\t\t\t\t\tDescargar Tarifa 2022\t\t\t\t<\/span>\r\n\t\t\t\r\n\t\t\t\r\n\t\t<\/a>\r\n\t\t\t<\/div>\r\n<\/div>\r\n            <style type=\"text\/css\">\r\n                #button-V30LeQyixv .sh-button {background-color: #0f2587;color: #ffffff;}#button-V30LeQyixv {text-align: center;}#button-V30LeQyixv:not(.sh-button-style-2) .sh-button:hover {}#button-V30LeQyixv.sh-button-style-2 .sh-button:after {}#button-V30LeQyixv.sh-button-style-2 .sh-button:hover {}@media (max-width: 800px) {#button-V30LeQyixv {text-align: center;}}            <\/style>\r\n        [\/vc_column][vc_column width=\u00bb1\/2&#8243;][vc_single_image image=\u00bb4347&#8243; img_size=\u00bbfull\u00bb][\/vc_column][\/vc_row][vc_row][vc_column][vc_empty_space height=\u00bb82px\u00bb][\/vc_column][\/vc_row][vc_row][vc_column width=\u00bb1\/2&#8243;][vc_single_image image=\u00bb5101&#8243; img_size=\u00bbfull\u00bb][\/vc_column][vc_column width=\u00bb1\/2&#8243;][vc_column_text]<\/p>\n<h2>Dise\u00f1o, fabricaci\u00f3n y calidad<\/h2>\n<p>La pol\u00edtica de calidad de Fematel, s.l. est\u00e1 presente en todos los \u00e1mbitos de nuestra empresa, en el dise\u00f1o y desarrollo de nuevos productos. Gracias a la implicaci\u00f3n de nuestro equipo de personal cualificado conseguimos una gesti\u00f3n r\u00e1pida y eficaz.<\/p>\n<p>Todos nuestros productos est\u00e1n certificados, seg\u00fan las directivas y normas actuales, y codificados para facilitar al cliente la manipulaci\u00f3n de los productos.<\/p>\n<p>Fematel, S.L., consciente de la importancia de la calidad y satisfacci\u00f3n de los clientes, tiene implantado el sistemas de gesti\u00f3n de calidad certificada UNE-EN ISO 9001.[\/vc_column_text][vc_column_text]<img loading=\"lazy\" decoding=\"async\" class=\"aligncenter wp-image-4381\" src=\"https:\/\/fematel.com\/web\/wp-content\/uploads\/png-clipart-iso-9001-2015-bureau-veritas-certification-uk-limited-bureau-veritas-certification-uk-limited-iso-9001-text-label-1.png\" alt=\"\" width=\"180\" height=\"83\" srcset=\"https:\/\/fematel.com\/web\/wp-content\/uploads\/png-clipart-iso-9001-2015-bureau-veritas-certification-uk-limited-bureau-veritas-certification-uk-limited-iso-9001-text-label-1.png 250w, https:\/\/fematel.com\/web\/wp-content\/uploads\/png-clipart-iso-9001-2015-bureau-veritas-certification-uk-limited-bureau-veritas-certification-uk-limited-iso-9001-text-label-1-64x29.png 64w\" sizes=\"auto, (max-width: 180px) 100vw, 180px\" \/>[\/vc_column_text][\/vc_column][\/vc_row][vc_row][vc_column][vc_empty_space height=\u00bb82px\u00bb][\/vc_column][\/vc_row]<\/p>\n<\/div>","protected":false},"excerpt":{"rendered":"<p>[vc_row][vc_column] [\/vc_column][\/vc_row][vc_row][vc_column width=\u00bb1\/2&#8243;][vc_empty_space height=\u00bb30px\u00bb][vc_column_text] Sobre Fematel, S.L. Fematel, S.L. es una empresa familiar de capital totalmente gallego constituida como sociedad limitada en el a\u00f1o 1994 y domiciliada en el ayuntamiento de O Rosal en el sur de Pontevedra. Fematel, S.L. se dedicada a la inyecci\u00f3n&#8230;<\/p>\n","protected":false},"author":1,"featured_media":0,"parent":0,"menu_order":0,"comment_status":"closed","ping_status":"closed","template":"","meta":{"_acf_changed":false,"footnotes":""},"class_list":["post-3665","page","type-page","status-publish","hentry"],"acf":[],"_links":{"self":[{"href":"https:\/\/fematel.com\/web\/wp-json\/wp\/v2\/pages\/3665","targetHints":{"allow":["GET"]}}],"collection":[{"href":"https:\/\/fematel.com\/web\/wp-json\/wp\/v2\/pages"}],"about":[{"href":"https:\/\/fematel.com\/web\/wp-json\/wp\/v2\/types\/page"}],"author":[{"embeddable":true,"href":"https:\/\/fematel.com\/web\/wp-json\/wp\/v2\/users\/1"}],"replies":[{"embeddable":true,"href":"https:\/\/fematel.com\/web\/wp-json\/wp\/v2\/comments?post=3665"}],"version-history":[{"count":36,"href":"https:\/\/fematel.com\/web\/wp-json\/wp\/v2\/pages\/3665\/revisions"}],"predecessor-version":[{"id":5950,"href":"https:\/\/fematel.com\/web\/wp-json\/wp\/v2\/pages\/3665\/revisions\/5950"}],"wp:attachment":[{"href":"https:\/\/fematel.com\/web\/wp-json\/wp\/v2\/media?parent=3665"}],"curies":[{"name":"wp","href":"https:\/\/api.w.org\/{rel}","templated":true}]}}